a composite number?
False
Is 11862761 prime?
True
Is 15814717 a composite number?
True
Is 411118 a composite number?
True
Is 127393337 a composite number?
True
Is 12671639 composite?
False
Is 647514977 a prime number?
True
Is 56881663 prime?
True
Is 195071 composite?
False
Is 20593231 a composite number?
True
Is 2840627 prime?
True
Is 15774853 a prime number?
False
Is 4269767 a composite number?
False
Is 3243121 composite?
True
Is 6313559 a composite number?
True
Is 1946059 prime?
True
Is 698701 prime?
True
Is 39151967 composite?
True
Is 18344981 a composite number?
True
Is 9722161 a prime number?
False
Is 91627973 composite?
False
Is 3654722 a composite number?
True
Is 47668963 a prime number?
True
Is 45161069 prime?
True
Is 4081703 a prime number?
True
Is 2227429 prime?
True
Is 288685249 a prime number?
True
Is 40961179 a composite number?
True
Is 476347 prime?
True
Is 7786993 prime?
False
Is 68065751 a prime number?
False
Is 379988837 composite?
False
Is 14095765 a composite number?
True
Is 74043937 composite?
True
Is 175543 a prime number?
True
Is 682933 a composite number?
False
Is 962019679 a composite number?
False
Is 404871109 a prime number?
True
Is 2690767 composite?
False
Is 30215101 a prime number?
False
Is 27334277 a prime number?
True
Is 1786427 a prime number?
False
Is 735289 a prime number?
False
Is 7826519 composite?
True
Is 36684581 a prime number?
False
Is 31487143 a composite number?
False
Is 353095 a composite number?
True
Is 15457069 prime?
False
Is 16288577 prime?
False
Is 575867 prime?
True
Is 17813749 composite?
False
Is 4930721 composite?
False
Is 3495935 a prime number?
False
Is 10580485 prime?
False
Is 14139271 a composite number?
False
Is 10126177 a prime number?
True
Is 94111741 composite?
False
Is 121186933 composite?
True
Is 44191351 prime?
False
Is 133542391 a prime number?
False
Is 28085537 a prime number?
True
Is 351781 a prime number?
False
Is 12361177 a composite number?
False
Is 23101795 a prime number?
False
Is 275027 a composite number?
False
Is 6786743 a composite number?
True
Is 5043377 a composite number?
True
Is 158854471 composite?
False
Is 42544643 a composite number?
False
Is 5408309 a composite number?
False
Is 4338913 a composite number?
False
Is 23174521 prime?
True
Is 608305 a composite number?
True
Is 1449509 composite?
False
Is 15258718 a composite number?
True
Is 3815807 prime?
True
Is 1003193 a prime number?
True
Is 25833097 prime?
True
Is 6998771 prime?
False
Is 2413771 a composite number?
False
Is 666429857 composite?
False
Is 9302023 a prime number?
True
Is 191835559 prime?
False
Is 14262151 composite?
False
Is 16230623 a prime number?
True
Is 51310145 prime?
False
Is 145138351 a composite number?
False
Is 129102079 prime?
True
Is 346511381 prime?
True
Is 2655085 prime?
False
Is 57516281 a composite number?
True
Is 11101033 prime?
True
Is 10804083 a composite number?
True
Is 53224901 a prime number?
True
Is 4541765 a prime number?
False
Is 2103079 prime?
False
Is 4682467 composite?
False
Is 4129309 a prime number?
True
Is 6091199 a prime number?
False
Is 1733053 prime?
False
Is 37136021 prime?
False
Is 6007513 prime?
True
Is 148215577 prime?
False
Is 27813701 prime?
False
Is 50559161 prime?
True
Is 29628827 composite?
False
Is 5908559 composite?
False
Is 8030191 a prime number?
False
Is 1174165 composite?
True
Is 245343083 a prime number?
False
Is 45544739 a prime number?
False
Is 174055823 composite?
False
Is 5433403 a composite number?
False
Is 109279 prime?
True
Is 1901143 composite?
True
Is 197256641 a composite number?
False
Is 151431649 a composite number?
True
Is 2597191 prime?
True
Is 25111117 prime?
False
Is 2970493 prime?
False
Is 65112911 prime?
False
Is 232485095 prime?
False
Is 162883313 a prime number?
True
Is 3432743 prime?
True
Is 48762578 a prime number?
False
Is 21267347 prime?
False
Is 620051 prime?
True
Is 4966589 a prime number?
False
Is 208881209 a prime number?
True
Is 9348155 a composite number?
True
Is 687751171 a composite number?
False
Is 135645277 a prime number?
True
Is 15164726 a prime number?
False
Is 8404807 a prime number?
True
Is 1488489 prime?
False
Is 41767873 a prime number?
False
Is 8079761 a prime number?
True
Is 75739787 a composite number?
False
Is 12211445 a composite number?
True
Is 57073 a composite number?
False
Is 16218733 a composite number?
False
Is 3893737 a composite number?
True
Is 25239937 prime?
True
Is 20925185 a composite number?
True
Is 16910827 composite?
False
Is 60911869 prime?
False
Is 5194489 a prime number?
True
Is 2415499 a composite number?
False
Is 21271357 a composite number?
True
Is 37803023 prime?
True
Is 44759255 prime?
False
Is 33066421 a prime number?
True
Is 5342779 a composite number?
True
Is 40839853 prime?
True
Is 30205751 a composite number?
False
Is 3554 composite?
True
Is 2133127 a composite number?
True
Is 8135429 prime?
True
Is 3722819 a prime number?
True
Is 7964329 composite?
False
Is 26870755 a composite number?
True
Is 143387 a prime number?
True
Is 4905995 a prime number?
False
Is 3063869 a composite number?
False
Is 3796649 a prime number?
True
Is 32737919 composite?
False
Is 287153701 a composite number?
True
Is 32245 a composite number?
True
Is 52020053 a prime number?
True
Is 407053 a composite number?
True
Is 1059764317 composite?
False
Is 62138963 a prime number?
True
Is 5863373 prime?
True
Is 2529433 composite?
True
Is 121276837 composite?
True
Is 16401343 composite?
True
Is 2595584717 a composite number?
True
Is 6648371 prime?
True
Is 15836057 composite?
False
Is 320417857 a prime number?
True
Is 94482851 a prime number?
False
Is 3399343 prime?
True
Is 32671391 composite?
False
Is 557208461 a prime number?
True
Is 3193129 a composite number?
False
Is 38399539 a prime number?
True
Is 99811783 a composite number?
False
Is 1821283 prime?
False
Is 16147718 a composite number?
True
Is 102096463 a prime number?
False
Is 270649345 composite?
True
Is 4481453 a composite number?
True
Is 146304155 a composite number?
True
Is 207023819 prime?
True
Is 21300563 composite?
True
Is 16666063 composite?
True
Is 2154611 composite?
False
Is 218018173 composite?
True
Is 1276441 composite?
False
Is 27657007 prime?
False
Is 113153191 a prime number?
False
Is 198969079 a composite number?
False
Is 7718173 a composite number?
False
Is 7878063 a prime number?
False
Is 572041 a prime number?
True
Is 416350057 prime?
False
Is 30936926 prime?
False
Is 12082799 composite?
False
Is 31000022 a composite number?
True
Is 35573495 a composite number?
True
Is 582619 composite?
True
Is 91482631 prime?
False
Is 1058071 composite?
True
Is 1188606543 a composite number?
True
Is 4540147 a composite number?
False
Is 29229806 a composite number?
True
Is 305873 prime?
True
Is 94428011 a prime number?
False
Is 12696373 a prime number?
False
Is 459784571 a prime number?
True
Is 497918159 a composite number?
False
Is 13495561 a composite number?
False
Is 166925749 a composite number?
False
Is 14522993 a prime number?
True
Is 3269821 composite?
False
Is 3698153 prime?
True
Is 249507521 a composite number?
True
Is 407977393 a prime number?
False
Is 112584619 composite?
True
Is 19852499 a prime number?
True
Is 44219269 composite?
False
Is 178499479 a composite number?
False
Is 43454 prime?
False
Is 24534239 composite?
True
Is 2380199 a composite number?
False
Is 4238203 a composite number?
True
Is 3864929 composite?
False
Is 20422199 a prime number?
False
Is 14276741 a prime number?
False
Is 14348645 a prime number?
False
Is 21307229 composite?
False
Is 334808107 prime?
True
Is 1631051 prime?
True
Is 49047 a prime number?
False
Is 547934 prime?
False
Is 2544661 a composite number?
True
Is 5055167 prime?
False
Is 23555681 prime?
False
Is 2345179 a composite number?
False
Is 76892359 prime?
False
Is 15317023 a prime number?
False
Is 16091983 a prime number?
False
Is 1467413 a composite number?
False
Is 72701789 a composite number?
True
Is 930803 prime?
False
Is 104507 prime?
False
Is 2721689 composite?
True
Is 14289953 a composite number?
True
Is 129985541 a prime number?
False
Is 1409579 composite?
False
Is 19479139 composite?
False
Is 2584979 prime?
True
Is 3138131 prime?
True
Is 199207733 composite?
False
Is 107069951 a composite number?